{"id":6172,"date":"2025-06-30T13:35:41","date_gmt":"2025-06-30T11:35:41","guid":{"rendered":"https:\/\/www.rafadent.com\/shop\/?post_type=product&#038;p=6172"},"modified":"2025-07-03T11:27:34","modified_gmt":"2025-07-03T09:27:34","slug":"all-sizes-kit","status":"publish","type":"product","link":"https:\/\/www.rafadent.com\/shop\/product\/all-sizes-kit\/","title":{"rendered":"All Sizes Kit"},"content":{"rendered":"<p>Dieses Kit enth\u00e4lt kein Werkzeugset.<\/p>\n<p>Dieses Kit wurde entwickelt, um dem Zahnarzt alle verf\u00fcgbaren Gr\u00f6\u00dfen unseres L\u00f6ffels zur Verf\u00fcgung zu stellen, damit er sicher sein kann, dass er f\u00fcr jeden Patienten die richtige Gr\u00f6\u00dfe des Abdruckl\u00f6ffels verwendet.<\/p>\n<p>Rafa-tray ist ein Einweg-Abforml\u00f6ffel, der aus hochwertigem ABS-Kunststoff hergestellt wird, um Stabilit\u00e4t und ein genaues Ergebnis ohne Verzerrung zu gew\u00e4hrleisten.<\/p>\n<p>Dieses Set enth\u00e4lt 12 St\u00fcck Rafa-tray Abforml\u00f6ffel, ein St\u00fcck von jeder Gr\u00f6\u00dfe.<\/p>\n<p>Jede Schalengr\u00f6\u00dfe hat eine farbkodierte Platte, sodass sie leicht voneinander unterschieden werden kann.<\/p>\n<p>Dies ist zus\u00e4tzlich zu der Tatsache, dass sie bereits mit der Gr\u00f6\u00dfe Abk\u00fcrzung in der Schale Handle kodiert sind.<\/p>\n","protected":false},"excerpt":{"rendered":"<p>Dieses Kit enth\u00e4lt kein Werkzeugset und wurde entwickelt, um dem Zahnarzt alle verf\u00fcgbaren Gr\u00f6\u00dfen unserer L\u00f6ffel zur Verf\u00fcgung zu stellen<\/p>\n","protected":false},"featured_media":6175,"comment_status":"closed","ping_status":"closed","template":"","meta":{"_acf_changed":false},"product_brand":[],"product_cat":[270],"product_tag":[],"class_list":{"0":"post-6172","1":"product","2":"type-product","3":"status-publish","4":"has-post-thumbnail","6":"product_cat-abformloeffel","8":"first","9":"instock","10":"featured","11":"taxable","12":"shipping-taxable","13":"purchasable","14":"product-type-simple"},"acf":[],"_links":{"self":[{"href":"https:\/\/www.rafadent.com\/shop\/wp-json\/wp\/v2\/product\/6172","targetHints":{"allow":["GET"]}}],"collection":[{"href":"https:\/\/www.rafadent.com\/shop\/wp-json\/wp\/v2\/product"}],"about":[{"href":"https:\/\/www.rafadent.com\/shop\/wp-json\/wp\/v2\/types\/product"}],"replies":[{"embeddable":true,"href":"https:\/\/www.rafadent.com\/shop\/wp-json\/wp\/v2\/comments?post=6172"}],"wp:featuredmedia":[{"embeddable":true,"href":"https:\/\/www.rafadent.com\/shop\/wp-json\/wp\/v2\/media\/6175"}],"wp:attachment":[{"href":"https:\/\/www.rafadent.com\/shop\/wp-json\/wp\/v2\/media?parent=6172"}],"wp:term":[{"taxonomy":"product_brand","embeddable":true,"href":"https:\/\/www.rafadent.com\/shop\/wp-json\/wp\/v2\/product_brand?post=6172"},{"taxonomy":"product_cat","embeddable":true,"href":"https:\/\/www.rafadent.com\/shop\/wp-json\/wp\/v2\/product_cat?post=6172"},{"taxonomy":"product_tag","embeddable":true,"href":"https:\/\/www.rafadent.com\/shop\/wp-json\/wp\/v2\/product_tag?post=6172"}],"curies":[{"name":"wp","href":"https:\/\/api.w.org\/{rel}","templated":true}]}}